 2*u + 4. Let c be ((-1)/(-2))/(1/6). Let q be v(c). Suppose 3*b = k + 32, -3*b + 2*k + 29 = q. List the prime factors of b.
2, 3
Suppose 18 = 4*v + 2*s, 3*v = -0*v + s + 1. Let n = 0 + v. Suppose -15 = -n*r + 3*i, 3*r - i = 2*i + 21. List the prime factors of r.
2, 3
Suppose -q - 3*i + 18 = 0, 4*q - 3*i = -i + 30. List the prime factors of q.
3
Let a(j) = j**2 - j - 4. Suppose x - 1 = -4. Let g be a(x). Suppose -3*t + g = -25. What are the prime factors of t?
11
Suppose -9*h + 20 = -4*h. List the prime factors of (h/(-6))/(9/(-54)).
2
Let w = 35 + -18. What are the prime factors of w?
17
Let r(u) = -u**2 - 3*u + 1. Let p be r(-3). Let y be p*-2 + (4 - -3). What are the prime factors of (6/y)/((-6)/(-20))?
2
Suppose 12*y = 15*y - 15. Suppose 2*c = f + 79, c - 2*f + y*f - 36 = 0. What are the prime factors of c?
3, 13
Suppose 18 = 5*l - 67. List the prime factors of l.
17
Let n be ((-4)/5)/(8/60). Let x be (-8)/(-3)*n/(-4). Suppose 0 = 3*d - x*d + 20. What are the prime factors of d?
2, 5
Let x be (1/2)/(3/48). Let b(s) = x*s + 2*s**2 - 1 + 2 + 4*s**2 - s**3. List the prime factors of b(7).
2
Let l(i) = -i**3 - 7*i**2 + 13*i + 6. List the prime factors of l(-9).
3, 17
Let t be (2 + 0 + 6)*1. Suppose -3*w + t = -10. Let v = w + -3. What are the prime factors of v?
3
Suppose 0*n = -4*n + 216. What are the prime factors of n?
2, 3
Let x = -73 - -43. Let g = x + 44. What are the prime factors of g?
2, 7
Suppose 3*q - 2*q + 18 = -5*w, -2 = -q - w. Suppose -5*b - 5 + 6 = v, -b + 4 = 4*v. Let h = q - b. List the prime factors of h.
7
Let r(q) = -6*q - 25. List the prime factors of r(-5).
5
Let q = 178 - 123. Let m = q - 33. Suppose -i + m = 2. List the prime factors of i.
2, 5
Let b(q) = 2*q**2 + q - 2. Let m(o) = -o + 5. Let k be m(7). List the prime factors of b(k).
2
Let m(b) = -b**3 + 10*b**2 - 12*b + 16. List the prime factors of m(8).
2, 3
Suppose -2*v - 5*d = -d + 10, -d = v + 1. Suppose -4*q + v = -5. What are the prime factors of q?
2
Let c = 162 - 114. What are the prime factors of c?
2, 3
Let n(v) = -v. Let j be n(-6). Let q(t) = t**3 - 5*t**2 + 3*t - 9. Let p be q(j). List the prime factors of 2/(-9) - (-505)/p.
11
Suppose -5*n = -n - 64. Suppose -2*v = y - n, 2*y - 14 - 9 = -3*v. List the prime factors of v.
3
Suppose -p + 4 = -2*p. Let d be 3 - (-1*16)/(-1). Let u = p - d. List the prime factors of u.
3
Suppose -3*l = g - 9, -5*g - 4*l = -30 - 4. List the prime factors of (-6)/(5/((-45)/g)).
3
Suppose 4*n - 96 = -0*n. What are the prime factors of n?
2, 3
Let m(s) be the first derivative of 5/3*s**3 - s + 0*s**2 - 3. What are the prime factors of m(-1)?
2
Suppose 3*j - 5*b = -5, -4 = -j + 2*j - 4*b. Suppose 43 = i - 4*p + 13, j = -2*i + 2*p + 36. What are the prime factors of i?
2, 7
Let r(l) = 8*l - 8. Let b be r(6). Let s = b - 29. List the prime factors of s.
11
Let k = -41 + 24. List the prime factors of (-4)/(1 + -3) - k.
19
Let u = 43 - 7. Let r be (-1)/(-1 + 34/u). Suppose 0 = 2*b - 5*t - 24, -4*b + 66 = 4*t + r. List the prime factors of b.
2, 3
Let x be (-4 - -4)/(1/1). Suppose -4*t + 18 + 54 = x. Suppose 2*n - 4*n = -t. List the prime factors of n.
3
Let r(p) = -p**3 - 5*p**2 + 6*p + 8. Let u be 2 + 3/(3/1). Suppose -6*z - 18 = -u*z. What are the prime factors of r(z)?
2
Let p(i) = 5*i**2 - 7*i + 11. List the prime factors of p(-5).
3, 19
Suppose 20*j = 7*j + 910. List the prime factors of j.
2, 5, 7
Let p(j) = -j**2 - 5*j + 1. Let u be p(-4). Suppose 4*k - 20 = -2*f + 74, 0 = -4*k + u*f + 73. List the prime factors of k.
2, 11
Suppose 8*h = -151 + 1399. What are the prime factors of h?
2, 3, 13
Let q be 4 - 2 - 4 - -9. Suppose -o - 4*o - q = -3*s, 4 = -o - 2*s. List the prime factors of o/(-3)*(0 - -9).
2, 3
Suppose -n = -5*z + 430, 260 = z + 2*z - n. What are the prime factors of z?
5, 17
Let i = -6 + 16. Let c = 15 - 7. Let u = i - c. List the prime factors of u.
2
Let x(m) = -8*m + 12. List the prime factors of x(-4).
2, 11
Let z = -45 - -223. List the prime factors of z.
2, 89
Let p be 17 - (6/2)/3. Suppose p = 5*f - 3*f. What are the prime factors of f?
2
Let l(c) = -c**3 + 7*c**2 - 5*c - 4. Let m be l(6). Suppose m*y = -y + 12. Suppose -2*n + 15 = -5*n, y*z - 4*n - 36 = 0. What are the prime factors of z?
2
Suppose 4*t - 22 = 2*q, -q - 5*t - 2 = 2. What are the prime factors of (-2)/q + (-176)/(-18)?
2, 5
Let d be 16/(-6)*18/(-4). Let w be d*(-3)/(2 + -8). Let z = w - 4. What are the prime factors of z?
2
Let c(g) = -g**2 - 7*g + 5. Let o be c(-7). Suppose -o*y = 4*p - 45, -3*p = 2*y - 13 - 12. List the prime factors of p.
5
Let g be 4/(-16) + (-2)/(-8). Suppose -2*z = -2*p + 22, -2*p + g*z - 2*z + 2 = 0. What are the prime factors of p?
2, 3
Suppose -3*o + 135 = 2*o. List the prime factors of o.
3
Suppose 3*b - 24 = 3*y, -b + 2*y + 7 = -2*b. Let o = 56 + -24. Suppose -b*m = m - o. List the prime factors of m.
2
Let z(i) = 239*i**2 - 2*i. What are the prime factors of z(1)?
3, 79
What are the prime factors of 4 + 0 + (-6)/3 - -191?
193
Suppose -185 = -7*j + 2*j. What are the prime factors of j?
37
Let h(u) = -2*u + 3. Suppose 0 = -3*b + b - 6. What are the prime factors of h(b)?
3
Let t = 3 - 1. Suppose 0 = 5*x, -t*x - 5 = r - 63. Let m = r - 41. List the prime factors of m.
17
Let p be 2*(-3 - -2) - 0. What are the prime factors of (-2 + 3)/(p/(-38))?
19
Let s(v) = -v**3 + v + 3. Let o be s(0). Suppose 4*r + o*l = -67, -5*r - l = l + 75. Let f = r - -24. What are the prime factors of f?
11
Let k(q) = 13*q**2 - 4*q + 1. What are the prime factors of k(2)?
3, 5
Let s = 2 - 0. Suppose d - s = 7. What are the prime factors of d?
3
List the prime factors of ((-6)/(-18))/((-2)/(-348)).
2, 29
Let u(q) = -4*q - 2. Let t = -18 - -15. List the prime factors of u(t).
2, 5
Suppose 77 = 2*u - 115. Suppose 0*w - u = -4*w. Suppose -4*x - 1 = -3*x, -3*x + w = 3*s. List the prime factors of s.
3
Let c be 14/(-4)*1*8. Let s = 47 + c. What are the prime factors of s?
19
Let f be 2 + -2 - (-3)/(-1). Let l(t) = t - 1 - 4*t + 2*t. List the prime factors of l(f).
2
Let v(d) = 10*d - 1. What are the prime factors of v(5)?
7
Let y = -5 - -3. Let r be (-2 - -2)*y/2. Let k(n) = -n**2 - n + 3. List the prime factors of k(r).
3
Let h(m) = -2*m**3 - 8*m**2 + 3*m + 6. What are the prime factors of h(-5)?
41
Let z(x) = -2*x + 1. Let n be -10 + 2 + -1*2. What are the prime factors of z(n)?
3, 7
Let m = 221 - 153. What are the prime factors of m?
2, 17
Suppose -3*j + 246 = 2*j + 4*x, 5*j + x = 234. Let o = 81 - j. List the prime factors of o.
5, 7
Suppose -f = l - 61, 2*l - 4*f = -2*f + 138. What are the prime factors of l?
5, 13
Let z(d) = -d**2 + 2*d - 3. Let i be z(2). Let n = i + 5. Suppose -4 = -y - n. What are the prime factors of y?
2
Suppose u + q - 184 = 0, -3*u - u - 2*q + 742 = 0. Let w = -95 + u. Suppose -2*a - 2*a - 5*n = -w, -28 = -2*a + 2*n. What are the prime factors of a?
2, 3
List the prime factors of (-9)/(-1) + -4 + 5.
2, 5
Suppose 3*l = -2*j + 476, 285 + 351 = 4*l + 2*j. What are the prime factors of l?
2, 5
Suppose 0 = -2*b - 2*b + 160. Suppose -3*v + b = 2*v. What are the prime factors of v?
2
Let z(f) = 9*f**3 + f**2. Let c = -10 + 11. What are the prime factors of z(c)?
2, 5
List the prime factors of (15/3*1)/(2/100).
2, 5
Let p = 7 - -12. Let d = p + -12. What are the prime factors of d?
7
Let l = 25 - -14. What are the prime factors of l?
3, 13
Let o be 26*(5/2 + -2). Let t = -6 + o. List the prime factors of t.
7
Let f(x) = -x**3 + 5*x**2 + 6*x - 7. List the prime factors of f(5).
23
Suppose -1 = 2*u - 7. Suppose u*a + 8 = 7*a. What are the prime factors of (-70)/(-4) + (-1)/a?
17
Let d(m) = -3*m**2 - 2*m + 1. Let h be d(1). Let v be (h/(-10))/((-2)/(-10)). What are the prime factors of (2 + 0)/(v/5)?
5
Suppose -6*f + 3*f = 0. Suppose f = -g - 5*k - 4 + 1, 2*k + 12 = 5*g. Suppose -i - 6 = -g*m - 2, 0 = 5*m - 5*i. What are the prime factors of m?
2
Let a be (0 + -39)*(-2)/6. Suppose 35 = 3*m - a. Suppose -4*h = -m - 12. What are the prime factors of h?
7
Suppose -k + 5*d + 0*d = 3, -4*d = -5*k + 6. Let t = k + 1. Suppose -5*i + 3*j = -29, t*i - 11 - 16 = 5*j. What are the prime factors of i?
2
Let q(d) = 8*d**2 + 2*d + 1. Let l be q(-1). Let n(j) = -j + 14. What are the prime factors of n(l)?
7
Let j be -2 - (2 - -2)*-1. 